est common divisor of s and 323.
19
Suppose -122297 = -10*o - 121687. Suppose 5*j - 5*g = -260, -24 = -3*j - 4*g - 159. Let h = j + o. Calculate the highest common factor of 12 and h.
12
Let k = 32 + -66. Let h = k + 45. Calculate the greatest common factor of h and 1.
1
Let k be 18/(-15)*(-900)/27. Let q be 140/k + 1059/6. Calculate the highest common factor of 12 and q.
12
Suppose -4*l - 5*d - 696 = 0, -3*d + 870 = -5*l - d. Let b be 1/(-2)*(66*6)/2. Let n = b - l. What is the highest common divisor of 30 and n?
15
Let g = -11 - 12. Let z = g - -28. Let x be ((-50)/z)/(1 + -2). What is the greatest common divisor of x and 10?
10
Let g(j) = 88*j**2 - 60*j - 236. Let h be g(-4). What is the greatest common divisor of 12 and h?
4
Let b be 2*(-10)/140 - 2144/(-14). What is the greatest common factor of b and 72?
9
Let m be 53 - (9 - (-15)/(-12)*4). What is the greatest common factor of 721 and m?
7
Suppose 48*u - 14273 + 4289 = 0. Calculate the highest common factor of u and 78.
26
Suppose -41 = 4*w + a - 193, -2*w + 4*a = -94. Let t = 584 + -708. Let b = t - -189. Calculate the greatest common divisor of w and b.
13
Let l be 3/7 + (-380)/(-28). Suppose 8*b + l = -2. Let t be 7 + 2 + 6/b. Calculate the highest common factor of 18 and t.
6
Let w = -280 - -464. Suppose 13*r = w - 93. Calculate the highest common divisor of r and 112.
7
Suppose -4*n = 3*c - 3233 - 447, c = 5*n + 1195. Suppose -29*q + 39*q = c. Let o = 133 - q. Calculate the greatest common factor of o and 176.
11
Suppose 5*u - 28 = -3. Suppose u*o = 4*t + 430, -5*o - 4*t + 465 = -t. Suppose 338*h - 5218 - 6950 = 0. What is the highest common factor of o and h?
18
Suppose -194 = -6*a + 238. Let j be (0 - -1)/(-1 + 81/a). Calculate the greatest common divisor of j and 104.
8
Let x(d) be the second derivative of d**5/20 - d**3/2 + 28*d**2 + 5*d. Let z be x(0). Let u = z - 35. Calculate the highest common factor of 231 and u.
21
Let a(g) = -45*g**3 - 3*g**2 + 2*g + 6. Let h be a(-2). Suppose h = -9*r + 19*r. Suppose x - 42 = -2*x. What is the greatest common factor of x and r?
7
Let w be 2916/2*(99/22 + -2)/5. What is the greatest common factor of 9 and w?
9
Let f(w) = 10*w**2 - 117*w - 762. Let j be f(-6). What is the greatest common divisor of 90 and j?
30
Suppose 4*w - 178 = -x, 2*x + 5*w + 202 = 561. Calculate the highest common factor of 7735 and x.
91
Suppose -t = 5*s - 619, -2*s - t - 2*t = -258. Let v = -4025 + 4107. What is the greatest common divisor of s and v?
41
Let v(t) = t**3 + 21*t**2 + 15*t + 14. Let x be v(-20). Suppose -9*d - 10*d + x = 0. Suppose 0*l = 5*l - 210. What is the highest common divisor of l and d?
6
Let d(m) = -m**2 + 103*m - 157. Let l be d(11). What is the highest common factor of 456 and l?
57
Let r be (2 - 5)*(3 + 72640/(-24)). Suppose 47*j - 564 - r = 0. What is the greatest common factor of 41 and j?
41
Suppose 7*k - 11 - 10 = 0. Let g(p) = -p**2 + 5*p - 7. Let r be g(k). Let b be 82*3/6 + (-3)/r. What is the greatest common divisor of 4 and b?
4
Suppose 3*z + 77 = -8*z. Let h be (-2)/z + (5 - 46/14). Suppose -h*u = -4*u + 4*t + 16, t + 34 = 3*u. Calculate the highest common factor of u and 228.
12
Let p be (591 - 16/2) + 4 + 7. What is the highest common divisor of p and 8514?
198
Let h(d) = -d**3 - 27*d**2 + 26*d - 36. Let v be 3/((-21)/2) + (-1746)/63. Let u be h(v). What is the greatest common factor of 20 and u?
20
Suppose -60*g + 9806 - 2961 = -23*g. What is the greatest common divisor of 1628 and g?
37
Let a(y) = 2*y**2 - 30*y + 17. Let m be a(12). Let b be (319/m)/(1/(-5)). Suppose 0 = -x - b + 33. What is the greatest common factor of x and 1?
1
Let l be ((-9)/18)/(1*(-1)/(-22)). Let s = -16 - l. Let t be (2 + 3)/s - -5*2. Calculate the greatest common divisor of t and 18.
9
Suppose 0 = -3*y + 3*t + 2391, 4*y = 2*t + 849 + 2329. Let f be ((-1664)/(-312))/(4/66). What is the greatest common factor of f and y?
88
Suppose 97*a - 31185 = 340. Calculate the highest common divisor of 1105 and a.
65
Let y = 294 - 255. Suppose -y*t + 312 = -13*t. Suppose -2*j + 49 = -0*j + 5*f, 63 = 4*j + 3*f. What is the greatest common factor of t and j?
12
Suppose 0 = -15*z + 12*z - 3*d + 87, 215 = 5*z - 5*d. What is the highest common factor of z and 2448?
36
Suppose -5*t = -2*p - 711, 3*t - 185 = -4*p + 252. What is the greatest common divisor of t and 169?
13
Let c be ((-25)/15)/((-2)/(-6)) + 5. Suppose -s + 0*s + 11 = c. Calculate the highest common factor of 44 and s.
11
Let k be 1/1 - (2 - 1). Suppose 22*j - 108 = 13*j. Suppose -c + 5*n + 71 = k, -c + 2*n = j - 74. What is the greatest common divisor of c and 616?
56
Let y(g) = -g**3 + 7*g + 5. Let z be y(-5). Let h(m) = 10*m - 16. Let l be h(12). Let b = l + -85. Calculate the greatest common factor of z and b.
19
Let s(h) = -h**3 - 414 + 6*h**2 + 14*h + 414. Let p be s(-9). What is the highest common divisor of 99 and p?
99
Let h = -264 + 432. Calculate the highest common divisor of h and 518.
14
Suppose -47436 = 14*y - 49*y + 20569. What is the greatest common factor of 134 and y?
67
Let i(v) = -71*v**3 + v**2 + v + 1. Let m be i(-1). Let l(h) = -16*h**3 - 7. Let y be l(2). Let z = y - -143. What is the highest common factor of z and m?
8
Let m = 35 + -9. Let n be (-8)/(-12)*(9 - 6). Calculate the highest common divisor of n and m.
2
Suppose -s = -5*p - 6*s + 305, -2*s - 178 = -3*p. Let f = 48501 + -48465. What is the highest common divisor of p and f?
12
Let j(y) = y**2 + 15*y - 74. Let i(l) = -2*l**2 + 69*l + 89. Let k be i(36). Let w be j(k). What is the greatest common factor of w and 106?
2
Let z(c) = 15*c + 622. Let v be z(141). What is the highest common divisor of v and 1449?
161
Let v = 37 + -39. Let q be 312/14 - v/(-7). What is the highest common factor of 55 and q?
11
Let g(d) = 2*d**2 - d - 16. Let u be g(5). Suppose u*z - 27*z - 96 = 0. Suppose -4*i + z = -24. What is the greatest common divisor of i and 18?
18
Let b(g) = g**3 + 102*g**2 + 106*g + 539. Let q be b(-101). Let a be (-1)/1*-1 + -15. Let m be 1791/21 - (-4)/a. What is the highest common divisor of q and m?
17
Let u be 15/((6/(-4))/(-1)). Let c(y) = 6*y**2 - 8*y - 14. Let n be c(-6). What is the greatest common divisor of n and u?
10
Suppose g + k + 513 - 3637 = 0, -4*k = -4*g + 12552. What is the highest common factor of 62 and g?
31
Let d = -1322 + 1352. What is the highest common divisor of d and 2670?
30
Suppose 0 = -12*l - 69 - 123. Let o be -3 + (-7)/((28/l)/7). What is the greatest common factor of o and 25?
25
Let t be 4932/15 + ((-9)/45)/(-1). Let w be -2 - -6 - 3*-1. What is the greatest common factor of t and w?
7
Let p be 16/6 + 2/6. Let l be -5 + p/((-3)/(-2)) - -5. Let m be l - 0/(-4 - -5). What is the greatest common divisor of 18 and m?
2
Let b(u) = 94*u - 547. Let j be b(7). What is the greatest common factor of j and 2553?
111
Suppose 9*l + 8559 = 29*l - 2641. What is the greatest common divisor of l and 180?
20
Suppose -g = 3*p - 3513 - 17202, -82820 = -4*g - 4*p. Calculate the highest common divisor of g and 138.
138
Let f be 19/((-19)/(-204)) + -5 + 18 + -12. Calculate the highest common factor of 20705 and f.
205
Let a = 150 - 151. Let j be 72 + (-3 - -3)/a. What is the highest common divisor of 9 and j?
9
Let r be 75 + (2 - (2 - -2)). Let q = -33 + r. Let s = q + 20. Calculate the highest common divisor of 12 and s.
12
Suppose 34*g - 14840 - 10864 = 0. What is the highest common factor of 7344 and g?
108
Let h(s) = -s**3 + 22*s**2 - 14*s - 7. Let f be h(21). Suppose -162 + 762 = 15*a. What is the greatest common divisor of f and a?
20
Let d be -1 - ((58 - 53) + -53 + 2 + 0). Calculate the greatest common divisor of 95 and d.
5
Let u be ((-1)/(-2))/(1/370). Suppose 23*a = 13*a + 1310. Let h = a + -57. What is the highest common divisor of h and u?
37
Let z(n) = 124*n**2 + 96*n + 96. Let p be z(-1). Let w = 8 + -5. Suppose 0 = q - 5, w*q = -4*o - 0*q + 139. Calculate the greatest common factor of o and p.
31
Let z(u) = 3*u**2 - 36*u - 213. Let x be z(17). Suppose -23*w - 420 = -29*w. What is the greatest common factor of x and w?
14
Let f(m) = m**2 - 8*m + 6. Let v be f(7). Let h be 88 - (v - -4) - -4. Suppose 5*p = 11 + h. Calculate the highest common factor of p and 10.
10
Let f be (-2)/(8/12) + (0 -